Let d be (-18)/12*(-160)/(-24). Let g(h) = 11*h + 110. Let y be g(d). Determine o(y).
3
Let a(j) = -16*j**3 - 89*j**2 - 53*j + 176. Let t(f) = 3*f**3 + 18*f**2 + 11*f - 35. Let n(u) = -2*a(u) - 11*t(u). What is n(-19)?
-43
Let q = -6286 - -6269. Let u(i) be the first derivative of -i**4/4 - 6*i**3 - 17*i**2/2 - 19*i - 43. What is u(q)?
-19
Let w(s) = 0*s**2 - s**3 + 2853*s - 1437*s + 0 - 4*s**2 - 1426*s - 5. Calculate w(-4).
35
Let f(y) = y**3 + 11*y**2 + 4. Let h be f(-11). Let q(v) = -3 - 6*v**2 - v - 2*v + h*v**2 + 0*v**2. Suppose -2*g = -a + 6, -a - 2*g = 4*a + 18. What is q(a)?
-5
Let s(x) be the second derivative of x**4/12 - x**3/6 - x**2 + x - 12. Let q be -4 + (32/(-8) - -2*2). Give s(q).
18
Let u(h) = -18*h + 0 - 3 - 1 - 18*h + 32*h. Calculate u(7).
-32
Let y(m) = 25*m - 423 + 880 + 40*m**2 - 432. Let t(s) = -5*s**2 - 3*s - 3. Let x(k) = -25*t(k) - 3*y(k). Calculate x(-1).
5
Suppose 2*m - m - 5 = 0. Let n(v) be the first derivative of v**4/4 - 8*v**3/3 + 15*v**2/2 + 3*v + 349. Calculate n(m).
3
Let b = -751 - -745. Let r(l) be the third derivative of l**6/120 + l**5/15 - l**4/6 + l**3/6 + 72*l**2. Calculate r(b).
-47
Let r(b) be the second derivative of 49*b**4/12 - b**3/2 - b**2/2 + 31*b - 20. Give r(-1).
51
Suppose 0 = -14*v + 12*v + 5*x + 14, -3*v = 4*x + 2. Let p(b) = -377*b**v + 378*b**2 + 0*b + 3*b + 3 + 0*b. Calculate p(-2).
1
Let h(r) = -7*r**2 + 37*r - 17. Let g(b) = -4*b**2 + 18*b - 8. Let t(z) = -5*g(z) + 3*h(z). Let i be t(21). Let d(q) = -q**3 - 11*q**2 - q - 13. Determine d(i).
-2
Let l(d) be the second derivative of -d**5/20 - d**4/2 - d**3 - 5*d**2/2 - 251*d. Suppose -1 = 4*j + 7. Let w = -8 - j. Determine l(w).
31
Let s(j) be the third derivative of -j**6/120 - j**5/6 - 11*j**4/24 - 5*j**3/3 + 587*j**2 + 2*j + 1. Let y = -32 + 23. Calculate s(y).
8
Let u = -20 + 22. Let n(x) = 3*x**3 + 3*x + u*x + 3*x**2 - 3*x + 1. Let m = 249 - 251. What is n(m)?
-15
Let i be ((-16)/(-6))/(6/(-9)). Let n be (-2)/i*-3*4/(-6). Suppose 5*x + 13 = -u, -2*x + 3 = 4*u + n. Let a(b) = -4*b - 1. What is a(u)?
-9
Let k(o) = 35 - 978*o - 51 + 981*o. What is k(8)?
8
Let b(k) = 8*k - 12*k + 5*k - 5*k**2. Let c be 42/(-56) - (-11)/4. Suppose -5 = -w - 4*l, c*l - 3*l + 2 = w. Determine b(w).
-4
Let r(u) = u**2 - 11*u - 30. Let j(v) = -v**3 - 80*v**2 - 67*v + 962. Let b be j(-79). Determine r(b).
12
Let y(r) = -r**2 + 7*r + 9. Let f(w) = -61*w - 51. Let l be f(-1). Calculate y(l).
-21
Let l(n) be the first derivative of -n**3/3 - 9*n**2/2 - 882. What is l(-10)?
-10
Let y be (-5 - -9)*-1 + (-4 - 3). Let r(c) = -c**3 - 11*c**2 + 10*c + 114. Determine r(y).
4
Let w be (-4 + 27 + 1)*(-3)/(-9). Let v(k) = 13*k**3 + 10*k**2 - 13*k + 18. Let t(y) = -8*y**3 - 7*y**2 + 9*y - 12. Let b(a) = w*t(a) + 5*v(a). What is b(5)?
4
Suppose -12 = -2*y + 5*y. Let w(q) be the second derivative of 0 + 3/2*q**2 - 1/6*q**3 + 1/4*q**4 + 1/20*q**5 - 48*q. What is w(y)?
-9
Let j(v) be the second derivative of -3 + 1/12*v**4 - 5/2*v**2 + 5/6*v**3 - 11*v. What is j(-6)?
1
Let p = 50 - 46. Suppose p*l = -j + 2, -l + 6*j + 5 = 4*j. Let r(v) = -l + 2 - 3 + v + 6. Give r(-4).
0
Let l(h) be the third derivative of -h**6/120 - h**5/15 + 5*h**4/24 + 3*h**2 + 15*h. Suppose -2*v - 3 = -5*s, -6*s - 17 = 3*v - s. Give l(v).
-20
Let z(d) = 6*d**2 + 19*d + 5. Let h(r) = -4*r**2 - 9*r - 3. Let k(n) = 5*h(n) + 3*z(n). Give k(7).
-14
Let n be (-1)/(-5) - 2607/(-165). Suppose 3*q = 4*k - n, 14*q = -k + 19*q + 4. Let r(b) = 7*b - 4. What is r(k)?
24
Let h(l) = l**2 - 8*l + 5. Let n be h(6). Let r(i) be the first derivative of i**4/4 + 8*i**3/3 + 9*i**2/2 + 7*i - 49. Determine r(n).
-7
Let j(s) be the first derivative of s**4/2 - 2*s**3/3 - 3*s**2/2 - s + 597. What is j(3)?
26
Let i = 1 + 1. Let s(u) = -1476*u - 1496*u - 6*u**2 + 4449*u + 1 - 1479*u. Determine s(i).
-27
Let c(i) = -8*i - 150. Let j(f) = 25. Let l(w) = c(w) + 5*j(w). Determine l(-6).
23
Let z(g) = 10*g - 2*g**2 - 5*g + 3 - 21*g. Let l be z(-5). Let t(f) = -f**3 + l + 4*f**2 - f - 13 - 16. Determine t(4).
0
Let p = 293 + -289. Let a(y) = -20 - y + 12 + p. Give a(11).
-15
Let r(x) = x**3 + 5*x**2 - 8*x - 6. Let s be r(2). Let a(d) = 1 - s + 3*d - 2 - 5 + 0. Give a(3).
-3
Suppose -3*x + 4151 = 4181. Let b(g) = -g**2 - 12*g + 10. What is b(x)?
30
Let u be (35133/98)/((-6)/(-8)). Let m(w) = -u + 5*w - 5*w + 476 + 4*w. Give m(-1).
-6
Let i(j) = -j**3 + 11*j**2. Let g(c) = 128*c + 267. Let z be g(-2). Calculate i(z).
0
Let l(g) = -g**3 + 5*g**2 + 8*g - 14. Suppose -249*v + 247*v + 44 = 5*y, y + 3*v - 27 = 0. Determine l(y).
-2
Let t(s) be the first derivative of -17*s**2/2 - 6*s + 1308. Give t(-1).
11
Let o(s) = -s**3 + 2*s**2 + 2*s. Let u be 3/5 + 185/25. Let z(f) = f**2 - 6*f - 8. Let k be z(u). Suppose k = 6*b - 4. Give o(b).
4
Let b(r) = r**2 + 5*r - 8. Let k = 34 - -198. Let t = -238 + k. Determine b(t).
-2
Let f(t) = -168*t - 509. Let a be f(-3). Let w(m) = m**3 + 6*m**2 + m - 21. Give w(a).
-1
Suppose -247*t + 123*t = 516 - 20. Let s(v) = -v**3 - 5*v**2 - 5*v - 7. Calculate s(t).
-3
Let x(m) be the second derivative of 0 - 7/6*m**3 - 1/12*m**4 - 58*m + 2*m**2. Give x(-7).
4
Suppose 0*b + 5*j + 29 = -2*b, 0 = -4*b - 2*j - 18. Let n(u) = -u**2 - 64*u - 2. Let d(f) = -14*f**2 - 708*f - 25. Let r(k) = -d(k) + 11*n(k). Give r(b).
7
Suppose 5*c = d - 8, 14*c = -2*d + 11*c + 16. Suppose -152 = d*k + 11*k. Let s(b) = b + 8. Calculate s(k).
0
Let i(q) = -22*q**2 - 10*q - 2. Let x(o) = 51*o**2 + 22*o + 3. Let s(l) = 7*i(l) + 3*x(l). Calculate s(-3).
-2
Let p(n) be the first derivative of 7*n**2 + 30*n - 5930. What is p(5)?
100
Suppose 52*s = 62*s - 40. Let b(o) = 2*o**2 - o - 1. Let q be b(-1). Let n(x) = q + 13*x**2 + x**3 + 0 - 18*x**2 + 0*x**3 - s*x. Determine n(5).
-18
Let b(f) = -f**2 + 5*f - 1. Let n be b(5). Let q be (5 + 2*n)/((-45)/120). Let c(m) = m**2 + 9*m + 1. What is c(q)?
-7
Let l(s) = 25*s + 7*s - 29 + 34*s**2 + 9*s + 5*s**2 - 37*s**2. Determine l(-21).
-8
Let a(g) = 2*g**3 + 2*g**2 + g + 1. Let l = -2101 + 2099. Calculate a(l).
-9
Suppose -370*l + 269*l + 808 = 0. Let g(n) = -14*n + 121. Give g(l).
9
Let f = 70 + -66. Let o(z) = 2*z**2 - 7*z. Let r be o(f). Suppose -s - 8 = -u, -r*s + 4*u = u + 33. Let b(j) = j**3 + 9*j**2 + 2*j + 13. Give b(s).
-5
Let m(h) = h**2 - 11*h + 12. Let k be m(10). Let i be (-98)/(-35) + 2 + (-1)/(-5). Suppose -i*f = k*f - 14. Let t(x) = -x**2 + 2. What is t(f)?
-2
Let l(h) = 4 - h + 1 - 4. Let y(c) = 4*c - 13. Let q(s) = 5*l(s) + y(s). Suppose 24 = -2*k - 2*i, 1 = -k + i - 1. Determine q(k).
-1
Let t(l) be the first derivative of -l**3/3 - 15*l**2 + 78*l - 2008. Calculate t(-32).
14
Let q(i) = -2*i**3 + 8*i**2 + 5*i + 12. Suppose -2*k + 22 = -3*d, -179*k + 9 = -174*k + 4*d. What is q(k)?
-13
Let w = 216 - 204. Let o(d) = d**2 - 13*d + 18. Let g(k) = -2*k**2 + 26*k - 35. Let x(n) = 4*g(n) + 7*o(n). What is x(w)?
-2
Let y(o) = -3*o**3 - 7*o**2 - 22*o - 37. Let n(d) = -2*d**3 - 6*d**2 - 11*d - 19. Let h(m) = -5*n(m) + 3*y(m). Determine h(-10).
-6
Let g(m) = -m**2 + 8*m - 5. Suppose 64*f + 16 = 72*f. Let t be (f - 0)/((-4)/(-10)). What is g(t)?
10
Let z(r) = 2*r**2 + 6*r + r**2 + 7 - 2*r**2. Suppose 5*s - 4*b + 5 = 0, s - 2*b + 16 = 3*s. Suppose -s*x - 4*a + 1 = 0, -3*x - 9 = -2*x - a. What is z(x)?
2
Let n(u) = -u**2 + 13*u - 35. Let t be (8*1)/((-364)/(-273)). What is n(t)?
7
Let a = -41 - -68. Let r = a - 24. Suppose 0*f + 13 = -q - r*f, -q + 27 = -5*f. Let j(s) = 5*s - 3. Calculate j(q).
7
Let f be 0 - (-15)/(-1)*(-68)/10. Suppose 18 = f*i - 111*i. Let l(y) = 2*y**2 + 3*y + 4. Determine l(i).
6
Let b(r) = 89*r + 451. Suppose -u = 0, -4*u - 169 + 154 = 3*q. What is b(q)?
6
Let x(z) = 4*z + 82. Let j be (10/(-3))/((-22)/(-132)). Give x(j).
2
Let u(p) = p**2 - 7*p + 8. Let k(v) = 2*v**3 - 11*v**2 - 11*v + 82. Let t be k(5). Calculate u(t).
-2
Let j(z) = -z**2 + 4*z + 38. Suppose 4*y = 8*y - 3*l + 34, -y - 4*l = -20. Give j(y).
6
Let x(d) = d**3 + 3*d**2 - 2*d - 1. Let u(i) = -i**3 + 7*i**2 + 5*i + 14. Let s be u(7). Let t be -3 - (2 + s)/(-1). Let v = t - 46. What is x(v)?
15
Let x(s) = 46 - 7 - 9*s + 1 + 0*s + 14. Determine x(3).
27
Let w be (-30)/15 + 1*-2 - -8. Let v(y) = 1586 + 3*y + 3*y**3 - 1585 - 2*y**3 - w*y**2. Let f = 18 + -15. Calculate v(f).
1
Let c(i) = -i + 1. Let g be c(-1). Le